{"id":4900,"date":"2026-02-10T16:31:57","date_gmt":"2026-02-10T14:31:57","guid":{"rendered":"http:\/\/www.cynoform.fr\/?page_id=4900"},"modified":"2026-03-24T17:46:04","modified_gmt":"2026-03-24T15:46:04","slug":"secourisme-canin","status":"publish","type":"page","link":"http:\/\/www.cynoform.fr\/?page_id=4900","title":{"rendered":"Secourisme canin"},"content":{"rendered":"<div data-colibri-id=\"4900-c1\" class=\"style-1130 style-local-4900-c1 position-relative\">\n  <!---->\n  <div data-colibri-component=\"section\" data-colibri-id=\"4900-c2\" id=\"custom\" class=\"h-section h-section-global-spacing d-flex align-items-lg-center align-items-md-center align-items-center style-1131 style-local-4900-c2 position-relative\">\n    <!---->\n    <!---->\n    <div class=\"h-section-grid-container h-section-boxed-container\">\n      <!---->\n      <div data-colibri-id=\"4900-c3\" class=\"h-row-container gutters-row-lg-2 gutters-row-md-2 gutters-row-0 gutters-row-v-lg-2 gutters-row-v-md-2 gutters-row-v-2 style-1132 style-local-4900-c3 position-relative\">\n        <!---->\n        <div class=\"h-row justify-content-lg-center justify-content-md-center justify-content-center align-items-lg-stretch align-items-md-stretch align-items-stretch gutters-col-lg-2 gutters-col-md-2 gutters-col-0 gutters-col-v-lg-2 gutters-col-v-md-2 gutters-col-v-2\">\n          <!---->\n          <div class=\"h-column h-column-container d-flex h-col-lg-auto h-col-md-auto h-col-auto style-1133-outer style-local-4900-c4-outer\">\n            <div data-colibri-id=\"4900-c4\" class=\"d-flex h-flex-basis h-column__inner h-px-lg-2 h-px-md-2 h-px-2 v-inner-lg-2 v-inner-md-2 v-inner-2 style-1133 style-local-4900-c4 position-relative\">\n              <!---->\n              <!---->\n              <div class=\"w-100 h-y-container h-column__content h-column__v-align flex-basis-100 align-self-lg-start align-self-md-start align-self-start\">\n                <!---->\n                <div data-colibri-id=\"4900-c5\" class=\"h-global-transition-all h-heading style-1134 style-local-4900-c5 position-relative h-element\">\n                  <!---->\n                  <div class=\"h-heading__outer style-1134 style-local-4900-c5\">\n                    <!---->\n                    <!---->\n                    <h1 class=\"\">Secourisme canin<\/h1>\n                  <\/div>\n                <\/div>\n                <div data-colibri-id=\"4900-c6\" class=\"h-x-container style-1197 style-local-4900-c6 position-relative h-element\">\n                  <!---->\n                  <div class=\"h-x-container-inner style-dynamic-4900-c6-group style-1197-spacing style-local-4900-c6-spacing\"><span class=\"h-button__outer style-1198-outer style-local-4900-c7-outer d-inline-flex h-element\"><a h-use-smooth-scroll=\"true\" href=\"http:\/\/www.cynoform.fr\/?page_id=5540\"  data-colibri-id=\"4900-c7\" class=\"d-flex w-100 align-items-center h-button justify-content-lg-center justify-content-md-center justify-content-center style-1198 style-local-4900-c7 position-relative\"><!----><!----> <span>Vous inscrire<\/span><\/a>\n                    <\/span>\n                  <\/div>\n                <\/div>\n              <\/div>\n            <\/div>\n          <\/div>\n        <\/div>\n      <\/div>\n    <\/div>\n  <\/div>\n  <div data-colibri-component=\"section\" data-colibri-id=\"4900-c8\" id=\"custom-2\" class=\"h-section h-section-global-spacing d-flex align-items-lg-center align-items-md-center align-items-center style-1135 style-local-4900-c8 position-relative\">\n    <!---->\n    <!---->\n    <div class=\"h-section-grid-container h-section-boxed-container\">\n      <!---->\n      <div data-colibri-id=\"4900-c9\" class=\"h-row-container gutters-row-lg-2 gutters-row-md-2 gutters-row-0 gutters-row-v-lg-2 gutters-row-v-md-2 gutters-row-v-2 style-1136 style-local-4900-c9 position-relative\">\n        <!---->\n        <div class=\"h-row justify-content-lg-center justify-content-md-center justify-content-center align-items-lg-stretch align-items-md-stretch align-items-stretch gutters-col-lg-2 gutters-col-md-2 gutters-col-0 gutters-col-v-lg-2 gutters-col-v-md-2 gutters-col-v-2\">\n          <!---->\n          <div class=\"h-column h-column-container d-flex h-col-lg-auto h-col-md-auto h-col-auto style-1137-outer style-local-4900-c10-outer\">\n            <div data-colibri-id=\"4900-c10\" class=\"d-flex h-flex-basis h-column__inner h-px-lg-2 h-px-md-2 h-px-2 v-inner-lg-2 v-inner-md-2 v-inner-2 style-1137 style-local-4900-c10 position-relative\">\n              <!---->\n              <!---->\n              <div class=\"w-100 h-y-container h-column__content h-column__v-align flex-basis-100 align-self-lg-start align-self-md-start align-self-start\">\n                <!---->\n                <div data-colibri-id=\"4900-c11\" class=\"d-block style-1229 style-local-4900-c11 position-relative h-element\">\n                  <!---->\n                  <div class=\"h-image__frame-container-outer\">\n                    <div class=\"h-image__frame-container\">\n                      <!---->\n                      <!---->\n                      <img loading=\"lazy\" decoding=\"async\" width=\"1206\" height=\"676\" src=\"http:\/\/www.cynoform.fr\/wp-content\/uploads\/2026\/03\/cropped-visuel-Secourisme-canin.jpg\" class=\"wp-image-6139 style-1229-image style-local-4900-c11-image\" alt=\"\" srcset=\"http:\/\/www.cynoform.fr\/wp-content\/uploads\/2026\/03\/cropped-visuel-Secourisme-canin.jpg 1206w, http:\/\/www.cynoform.fr\/wp-content\/uploads\/2026\/03\/cropped-visuel-Secourisme-canin-300x168.jpg 300w, http:\/\/www.cynoform.fr\/wp-content\/uploads\/2026\/03\/cropped-visuel-Secourisme-canin-1024x574.jpg 1024w, http:\/\/www.cynoform.fr\/wp-content\/uploads\/2026\/03\/cropped-visuel-Secourisme-canin-768x430.jpg 768w\" sizes=\"auto, (max-width: 1206px) 100vw, 1206px\" \/>\n                      <div class=\"h-image__frame h-hide-lg h-hide-md h-hide-sm style-1229-frameImage style-local-4900-c11-frameImage\"><\/div>\n                    <\/div>\n                  <\/div>\n                <\/div>\n                <div data-colibri-id=\"4900-c12\" class=\"h-text h-text-component style-1138 style-local-4900-c12 position-relative h-element\">\n                  <!---->\n                  <!---->\n                  <div class=\"\">\n                    <p>Travailler avec des chiens ou simplement en poss\u00e9der, c&rsquo;est bien. <\/p>\n                    <p>Savoir leur porter secours, c&rsquo;est mieux.<\/p>\n                    <p>La formation dispense :<\/p>\n                  <\/div>\n                <\/div>\n              <\/div>\n            <\/div>\n          <\/div>\n        <\/div>\n      <\/div>\n      <div data-colibri-id=\"4900-c13\" class=\"h-row-container gutters-row-lg-2 gutters-row-md-2 gutters-row-0 gutters-row-v-lg-2 gutters-row-v-md-2 gutters-row-v-2 style-1144 style-local-4900-c13 position-relative\">\n        <!---->\n        <div class=\"h-row justify-content-lg-center justify-content-md-center justify-content-center align-items-lg-stretch align-items-md-stretch align-items-stretch gutters-col-lg-2 gutters-col-md-2 gutters-col-0 gutters-col-v-lg-2 gutters-col-v-md-2 gutters-col-v-2\">\n          <!---->\n          <div class=\"h-column h-column-container d-flex h-col-lg-auto h-col-md-auto h-col-auto style-1145-outer style-local-4900-c14-outer\">\n            <div data-colibri-id=\"4900-c14\" class=\"d-flex h-flex-basis h-column__inner h-px-lg-2 h-px-md-2 h-px-2 v-inner-lg-2 v-inner-md-2 v-inner-2 style-1145 style-local-4900-c14 position-relative\">\n              <!---->\n              <!---->\n              <div class=\"w-100 h-y-container h-column__content h-column__v-align flex-basis-100 align-self-lg-start align-self-md-start align-self-start\">\n                <!---->\n                <div data-colibri-id=\"4900-c15\" class=\"d-block style-1147 style-local-4900-c15 position-relative h-element\">\n                  <!---->\n                  <div class=\"h-image__frame-container-outer\">\n                    <div class=\"h-image__frame-container\">\n                      <!---->\n                      <!---->\n                      <img loading=\"lazy\" decoding=\"async\" width=\"206\" height=\"206\" src=\"http:\/\/www.cynoform.fr\/wp-content\/uploads\/2026\/02\/616058757_1569953454195818_6517285670165021556_n.jpg\" class=\"wp-image-5156 style-1147-image style-local-4900-c15-image\" alt=\"\" srcset=\"http:\/\/www.cynoform.fr\/wp-content\/uploads\/2026\/02\/616058757_1569953454195818_6517285670165021556_n.jpg 206w, http:\/\/www.cynoform.fr\/wp-content\/uploads\/2026\/02\/616058757_1569953454195818_6517285670165021556_n-150x150.jpg 150w\" sizes=\"auto, (max-width: 206px) 100vw, 206px\" \/>\n                      <div class=\"h-image__frame h-hide-lg h-hide-md h-hide-sm style-1147-frameImage style-local-4900-c15-frameImage\"><\/div>\n                    <\/div>\n                  <\/div>\n                <\/div>\n              <\/div>\n            <\/div>\n          <\/div>\n          <div class=\"h-column h-column-container d-flex h-col-lg-auto h-col-md-auto h-col-auto style-1146-outer style-local-4900-c16-outer\">\n            <div data-colibri-id=\"4900-c16\" class=\"d-flex h-flex-basis h-column__inner h-px-lg-2 h-px-md-2 h-px-2 v-inner-lg-2 v-inner-md-2 v-inner-2 style-1146 style-local-4900-c16 position-relative\">\n              <!---->\n              <!---->\n              <div class=\"w-100 h-y-container h-column__content h-column__v-align flex-basis-100 align-self-lg-start align-self-md-start align-self-start\">\n                <!---->\n                <div data-colibri-id=\"4900-c17\" class=\"d-block style-1148 style-local-4900-c17 position-relative h-element\">\n                  <!---->\n                  <div class=\"h-image__frame-container-outer\">\n                    <div class=\"h-image__frame-container\">\n                      <!---->\n                      <!---->\n                      <img loading=\"lazy\" decoding=\"async\" width=\"206\" height=\"206\" src=\"http:\/\/www.cynoform.fr\/wp-content\/uploads\/2026\/02\/616305595_1569953500862480_8197281166926358099_n.jpg\" class=\"wp-image-5158 style-1148-image style-local-4900-c17-image\" alt=\"\" srcset=\"http:\/\/www.cynoform.fr\/wp-content\/uploads\/2026\/02\/616305595_1569953500862480_8197281166926358099_n.jpg 206w, http:\/\/www.cynoform.fr\/wp-content\/uploads\/2026\/02\/616305595_1569953500862480_8197281166926358099_n-150x150.jpg 150w\" sizes=\"auto, (max-width: 206px) 100vw, 206px\" \/>\n                      <div class=\"h-image__frame h-hide-lg h-hide-md h-hide-sm style-1148-frameImage style-local-4900-c17-frameImage\"><\/div>\n                    <\/div>\n                  <\/div>\n                <\/div>\n              <\/div>\n            <\/div>\n          <\/div>\n        <\/div>\n      <\/div>\n    <\/div>\n  <\/div>\n  <div data-colibri-component=\"section\" data-colibri-id=\"4900-c18\" id=\"custom-3\" class=\"h-section h-section-global-spacing d-flex align-items-lg-center align-items-md-center align-items-center style-1139 style-local-4900-c18 position-relative\">\n    <!---->\n    <!---->\n    <div class=\"h-section-grid-container h-section-fluid-container\">\n      <!---->\n      <div data-colibri-id=\"4900-c19\" class=\"h-row-container gutters-row-lg-2 gutters-row-md-2 gutters-row-0 gutters-row-v-lg-2 gutters-row-v-md-2 gutters-row-v-2 style-1140 style-local-4900-c19 position-relative\">\n        <!---->\n        <div class=\"h-row justify-content-lg-center justify-content-md-center justify-content-center align-items-lg-stretch align-items-md-stretch align-items-stretch gutters-col-lg-2 gutters-col-md-2 gutters-col-0 gutters-col-v-lg-2 gutters-col-v-md-2 gutters-col-v-2\">\n          <!---->\n          <div class=\"h-column h-column-container d-flex h-col-lg-auto h-col-md-auto h-col-auto style-1141-outer style-local-4900-c20-outer\">\n            <div data-colibri-id=\"4900-c20\" class=\"d-flex h-flex-basis h-column__inner h-px-lg-2 h-px-md-2 h-px-2 v-inner-lg-2 v-inner-md-2 v-inner-2 style-1141 style-local-4900-c20 position-relative\">\n              <!---->\n              <!---->\n              <div class=\"w-100 h-y-container h-column__content h-column__v-align flex-basis-100 align-self-lg-start align-self-md-start align-self-start\">\n                <!---->\n                <div data-colibri-id=\"4900-c21\" class=\"icon-list d-flex justify-content-lg-center justify-content-md-center justify-content-center style-1142 style-local-4900-c21 position-relative h-element\">\n                  <!---->\n                  <ul class=\"ul-list-icon vertical-on-desktop vertical-on-tablet vertical-on-mobile justify-content-lg-center justify-content-md-center justify-content-center\">\n                    <!---->\n                    <li class=\"list-item no-gutters\">\n                      <!---->\n                      <div class=\"list-container-divider d-flex justify-content-lg-center justify-content-md-center justify-content-center first-el-spacer\"><\/div> <span class=\"item-link no-gutters\"><div class=\"d-flex h-col no-gutters align-items-lg-center align-items-md-center align-items-center list-item-text-wrapper\"><div class=\"d-flex\"><span  class=\"h-svg-icon style-1142-icon style-local-4900-c21-icon\"><!--Icon by Font Awesome (https:\/\/fontawesome.com)-->\n    <svg version=\"1.1\" xmlns=\"http:\/\/www.w3.org\/2000\/svg\" xmlns:xlink=\"http:\/\/www.w3.org\/1999\/xlink\" id=\"paw\" viewBox=\"0 0 1664 1896.0833\">\n      <path d=\"M780 472q0 60-19 113.5T698 678t-105 39q-76 0-138-57.5T363 524t-30-151q0-60 19-113.5t63-92.5 105-39q77 0 138.5 57.5t91.5 135T780 472zM438 955q0 80-42 139t-119 59q-76 0-141.5-55.5T35 964 0 812q0-80 42-139.5T161 613q76 0 141.5 55.5t100.5 134T438 955zm394-27q118 0 255 97.5t229 237 92 254.5q0 46-17 76.5t-48.5 45-64.5 20-76 5.5q-68 0-187.5-45T832 1574q-66 0-192.5 44.5T439 1663q-183 0-183-146 0-86 56-191.5T451.5 1133 639 987t193-59zm239-211q-61 0-105-39t-63-92.5T884 472q0-74 30-151.5t91.5-135T1144 128q61 0 105 39t63 92.5 19 113.5q0 73-30 151t-92 135.5-138 57.5zm432-104q77 0 119 59.5t42 139.5q0 74-35 152t-100.5 133.5T1387 1153q-77 0-119-59t-42-139q0-74 35-152.5t100.5-134T1503 613z\"><\/path>\n    <\/svg><\/span><\/div> <span class=\"list-text d-block\"><span>reconnaitre et d\u00e9crypter les signes de d\u00e9tresse du chien<\/span><\/span>\n              <\/div>\n              <\/span>\n              <div class=\"list-container-divider d-flex justify-content-lg-center justify-content-md-center justify-content-center\">\n                <!---->\n              <\/div>\n              <\/li>\n              <li class=\"list-item no-gutters\">\n                <!---->\n                <!----><span class=\"item-link no-gutters\"><div class=\"d-flex h-col no-gutters align-items-lg-center align-items-md-center align-items-center list-item-text-wrapper\"><div class=\"d-flex\"><span  class=\"h-svg-icon style-1142-icon style-local-4900-c21-icon\"><!--Icon by Font Awesome (https:\/\/fontawesome.com)-->\n    <svg version=\"1.1\" xmlns=\"http:\/\/www.w3.org\/2000\/svg\" xmlns:xlink=\"http:\/\/www.w3.org\/1999\/xlink\" id=\"paw\" viewBox=\"0 0 1664 1896.0833\">\n      <path d=\"M780 472q0 60-19 113.5T698 678t-105 39q-76 0-138-57.5T363 524t-30-151q0-60 19-113.5t63-92.5 105-39q77 0 138.5 57.5t91.5 135T780 472zM438 955q0 80-42 139t-119 59q-76 0-141.5-55.5T35 964 0 812q0-80 42-139.5T161 613q76 0 141.5 55.5t100.5 134T438 955zm394-27q118 0 255 97.5t229 237 92 254.5q0 46-17 76.5t-48.5 45-64.5 20-76 5.5q-68 0-187.5-45T832 1574q-66 0-192.5 44.5T439 1663q-183 0-183-146 0-86 56-191.5T451.5 1133 639 987t193-59zm239-211q-61 0-105-39t-63-92.5T884 472q0-74 30-151.5t91.5-135T1144 128q61 0 105 39t63 92.5 19 113.5q0 73-30 151t-92 135.5-138 57.5zm432-104q77 0 119 59.5t42 139.5q0 74-35 152t-100.5 133.5T1387 1153q-77 0-119-59t-42-139q0-74 35-152.5t100.5-134T1503 613z\"><\/path>\n    <\/svg><\/span><\/div> <span class=\"list-text d-block\"><span>les attitudes \u00e0 avoir<\/span><\/span>\n          <\/div>\n          <\/span>\n          <div class=\"list-container-divider d-flex justify-content-lg-center justify-content-md-center justify-content-center\">\n            <!---->\n          <\/div>\n          <\/li>\n          <li class=\"list-item no-gutters\">\n            <!---->\n            <!----><span class=\"item-link no-gutters\"><div class=\"d-flex h-col no-gutters align-items-lg-center align-items-md-center align-items-center list-item-text-wrapper\"><div class=\"d-flex\"><span  class=\"h-svg-icon style-1142-icon style-local-4900-c21-icon\"><!--Icon by Font Awesome (https:\/\/fontawesome.com)-->\n    <svg version=\"1.1\" xmlns=\"http:\/\/www.w3.org\/2000\/svg\" xmlns:xlink=\"http:\/\/www.w3.org\/1999\/xlink\" id=\"paw\" viewBox=\"0 0 1664 1896.0833\">\n      <path d=\"M780 472q0 60-19 113.5T698 678t-105 39q-76 0-138-57.5T363 524t-30-151q0-60 19-113.5t63-92.5 105-39q77 0 138.5 57.5t91.5 135T780 472zM438 955q0 80-42 139t-119 59q-76 0-141.5-55.5T35 964 0 812q0-80 42-139.5T161 613q76 0 141.5 55.5t100.5 134T438 955zm394-27q118 0 255 97.5t229 237 92 254.5q0 46-17 76.5t-48.5 45-64.5 20-76 5.5q-68 0-187.5-45T832 1574q-66 0-192.5 44.5T439 1663q-183 0-183-146 0-86 56-191.5T451.5 1133 639 987t193-59zm239-211q-61 0-105-39t-63-92.5T884 472q0-74 30-151.5t91.5-135T1144 128q61 0 105 39t63 92.5 19 113.5q0 73-30 151t-92 135.5-138 57.5zm432-104q77 0 119 59.5t42 139.5q0 74-35 152t-100.5 133.5T1387 1153q-77 0-119-59t-42-139q0-74 35-152.5t100.5-134T1503 613z\"><\/path>\n    <\/svg><\/span><\/div> <span class=\"list-text d-block\"><span>les gestes de premiers secours<\/span><\/span>\n      <\/div>\n      <\/span>\n      <div class=\"list-container-divider d-flex justify-content-lg-center justify-content-md-center justify-content-center\" style=\"display: none;\">\n        <!---->\n      <\/div>\n      <div class=\"list-container-divider d-flex justify-content-lg-center justify-content-md-center justify-content-center last-el-spacer\"><\/div>\n      <\/li>\n      <\/ul>\n    <\/div>\n  <\/div>\n<\/div>\n<\/div>\n<\/div>\n<\/div>\n<div data-colibri-id=\"4900-c22\" class=\"h-row-container gutters-row-lg-2 gutters-row-md-2 gutters-row-0 gutters-row-v-lg-2 gutters-row-v-md-2 gutters-row-v-2 style-1389 style-local-4900-c22 position-relative\">\n  <!---->\n  <div class=\"h-row justify-content-lg-center justify-content-md-center justify-content-center align-items-lg-stretch align-items-md-stretch align-items-stretch gutters-col-lg-2 gutters-col-md-2 gutters-col-0 gutters-col-v-lg-2 gutters-col-v-md-2 gutters-col-v-2\">\n    <!---->\n    <div class=\"h-column h-column-container d-flex h-col-lg-auto h-col-md-auto h-col-auto style-1390-outer style-local-4900-c23-outer\">\n      <div data-colibri-id=\"4900-c23\" class=\"d-flex h-flex-basis h-column__inner h-px-lg-2 h-px-md-2 h-px-2 v-inner-lg-2 v-inner-md-2 v-inner-2 style-1390 style-local-4900-c23 position-relative\">\n        <!---->\n        <!---->\n        <div class=\"w-100 h-y-container h-column__content h-column__v-align flex-basis-100 align-self-lg-start align-self-md-start align-self-start\">\n          <!---->\n          <div data-colibri-id=\"4900-c24\" class=\"h-text h-text-component style-1403 style-local-4900-c24 position-relative h-element\">\n            <!---->\n            <!---->\n            <div class=\"\">\n              <p>Sessions de 5 \u00e0 10 personnes.<\/p>\n              <p>Si une session n\u2019atteignait pas 5 personnes inscrites, ces derni\u00e8res seraient report\u00e9es \u00e0 la session suivante.<\/p>\n              <p><strong>prochaines sessions :<\/strong><\/p>\n              <p>30 &amp; 31 mai 26<\/p>\n              <p>20 &amp; 21 juin 26<\/p>\n              <p>2 &amp; 3 aout 26<\/p>\n              <p>25 &amp; 26 aout 26<\/p>\n              <p>19 &amp; 20 septembre 26<\/p>\n              <p>19 &amp; 20 octobre 26<\/p>\n              <p>8 &amp; 9 d\u00e9cembre 26<\/p>\n            <\/div>\n          <\/div>\n          <div data-colibri-id=\"4900-c25\" class=\"h-x-container style-1386 style-local-4900-c25 position-relative h-element\">\n            <!---->\n            <div class=\"h-x-container-inner style-dynamic-4900-c25-group style-1386-spacing style-local-4900-c25-spacing\"><span class=\"h-link__outer style-1387-outer style-local-4900-c26-outer d-inline-flex h-element\"><a h-use-smooth-scroll=\"true\" href=\"http:\/\/www.cynoform.fr\/wp-content\/uploads\/2026\/03\/PSC.pdf\"  data-colibri-id=\"4900-c26\" class=\"d-flex w-100 align-items-center h-link style-1387 style-local-4900-c26 position-relative\"><!----><!----> <span>t\u00e9l\u00e9charger le programme<\/span><\/a>\n              <\/span>\n            <\/div>\n          <\/div>\n        <\/div>\n      <\/div>\n    <\/div>\n  <\/div>\n<\/div>\n<div data-colibri-id=\"4900-c27\" class=\"h-row-container gutters-row-lg-2 gutters-row-md-2 gutters-row-0 gutters-row-v-lg-2 gutters-row-v-md-2 gutters-row-v-2 style-1199 style-local-4900-c27 position-relative\">\n  <!---->\n  <div class=\"h-row justify-content-lg-center justify-content-md-center justify-content-center align-items-lg-stretch align-items-md-stretch align-items-stretch gutters-col-lg-2 gutters-col-md-2 gutters-col-0 gutters-col-v-lg-2 gutters-col-v-md-2 gutters-col-v-2\">\n    <!---->\n    <div class=\"h-column h-column-container d-flex h-col-lg-auto h-col-md-auto h-col-auto style-1200-outer style-local-4900-c28-outer\">\n      <div data-colibri-id=\"4900-c28\" class=\"d-flex h-flex-basis h-column__inner h-px-lg-2 h-px-md-2 h-px-2 v-inner-lg-2 v-inner-md-2 v-inner-2 style-1200 style-local-4900-c28 position-relative\">\n        <!---->\n        <!---->\n        <div class=\"w-100 h-y-container h-column__content h-column__v-align flex-basis-100 align-self-lg-start align-self-md-start align-self-start\">\n          <!---->\n          <div data-colibri-id=\"4900-c29\" class=\"h-x-container style-1201 style-local-4900-c29 position-relative h-element\">\n            <!---->\n            <div class=\"h-x-container-inner style-dynamic-4900-c29-group style-1201-spacing style-local-4900-c29-spacing\"><span class=\"h-button__outer style-1202-outer style-local-4900-c30-outer d-inline-flex h-element\"><a h-use-smooth-scroll=\"true\" href=\"http:\/\/www.cynoform.fr\/?page_id=5582\"  data-colibri-id=\"4900-c30\" class=\"d-flex w-100 align-items-center h-button justify-content-lg-center justify-content-md-center justify-content-center style-1202 style-local-4900-c30 position-relative\"><!----><!----> <span>demandez un devis<\/span><\/a>\n              <\/span>\n            <\/div>\n          <\/div>\n        <\/div>\n      <\/div>\n    <\/div>\n  <\/div>\n<\/div>\n<\/div>\n<\/div>\n<\/div>","protected":false},"excerpt":{"rendered":"<p>Secourisme canin Vous inscrire Travailler avec des chiens ou simplement en poss\u00e9der, c&rsquo;est bien. Savoir leur porter secours, c&rsquo;est mieux. La formation dispense : reconnaitre et d\u00e9crypter les signes de d\u00e9tresse du chien les attitudes \u00e0 avoir les gestes de premiers secours Sessions de 5 \u00e0 10 personnes. Si une session n\u2019atteignait pas 5 personnes [&hellip;]<\/p>\n","protected":false},"author":1,"featured_media":0,"parent":0,"menu_order":0,"comment_status":"closed","ping_status":"closed","template":"page-templates\/full-width-page.php","meta":{"_crdt_document":"","ngg_post_thumbnail":0,"footnotes":""},"class_list":["post-4900","page","type-page","status-publish","hentry"],"_links":{"self":[{"href":"http:\/\/www.cynoform.fr\/index.php?rest_route=\/wp\/v2\/pages\/4900","targetHints":{"allow":["GET"]}}],"collection":[{"href":"http:\/\/www.cynoform.fr\/index.php?rest_route=\/wp\/v2\/pages"}],"about":[{"href":"http:\/\/www.cynoform.fr\/index.php?rest_route=\/wp\/v2\/types\/page"}],"author":[{"embeddable":true,"href":"http:\/\/www.cynoform.fr\/index.php?rest_route=\/wp\/v2\/users\/1"}],"replies":[{"embeddable":true,"href":"http:\/\/www.cynoform.fr\/index.php?rest_route=%2Fwp%2Fv2%2Fcomments&post=4900"}],"version-history":[{"count":20,"href":"http:\/\/www.cynoform.fr\/index.php?rest_route=\/wp\/v2\/pages\/4900\/revisions"}],"predecessor-version":[{"id":6142,"href":"http:\/\/www.cynoform.fr\/index.php?rest_route=\/wp\/v2\/pages\/4900\/revisions\/6142"}],"wp:attachment":[{"href":"http:\/\/www.cynoform.fr\/index.php?rest_route=%2Fwp%2Fv2%2Fmedia&parent=4900"}],"curies":[{"name":"wp","href":"https:\/\/api.w.org\/{rel}","templated":true}]}}