{"id":4902,"date":"2026-02-10T16:34:46","date_gmt":"2026-02-10T14:34:46","guid":{"rendered":"http:\/\/www.cynoform.fr\/?page_id=4902"},"modified":"2026-02-10T18:33:25","modified_gmt":"2026-02-10T16:33:25","slug":"formations","status":"publish","type":"page","link":"http:\/\/www.cynoform.fr\/?page_id=4902","title":{"rendered":"Formations Professionnelles"},"content":{"rendered":"<div data-colibri-id=\"4902-c1\" class=\"style-1091 style-local-4902-c1 position-relative\">\n  <!---->\n  <div data-colibri-component=\"section\" data-colibri-id=\"4902-c2\" id=\"custom\" class=\"h-section h-section-global-spacing d-flex align-items-lg-center align-items-md-center align-items-center style-1111 style-local-4902-c2 position-relative\">\n    <!---->\n    <!---->\n    <div class=\"h-section-grid-container h-section-boxed-container\">\n      <!---->\n      <div data-colibri-id=\"4902-c3\" class=\"h-row-container gutters-row-lg-2 gutters-row-md-2 gutters-row-0 gutters-row-v-lg-2 gutters-row-v-md-2 gutters-row-v-2 style-1112 style-local-4902-c3 position-relative\">\n        <!---->\n        <div class=\"h-row justify-content-lg-center justify-content-md-center justify-content-center align-items-lg-stretch align-items-md-stretch align-items-stretch gutters-col-lg-2 gutters-col-md-2 gutters-col-0 gutters-col-v-lg-2 gutters-col-v-md-2 gutters-col-v-2\">\n          <!---->\n          <div class=\"h-column h-column-container d-flex h-col-lg-auto h-col-md-auto h-col-auto style-1113-outer style-local-4902-c4-outer\">\n            <div data-colibri-id=\"4902-c4\" class=\"d-flex h-flex-basis h-column__inner h-px-lg-2 h-px-md-2 h-px-2 v-inner-lg-2 v-inner-md-2 v-inner-2 style-1113 style-local-4902-c4 position-relative\">\n              <!---->\n              <!---->\n              <div class=\"w-100 h-y-container h-column__content h-column__v-align flex-basis-100 align-self-lg-start align-self-md-start align-self-start\">\n                <!---->\n                <div data-colibri-id=\"4902-c5\" class=\"h-global-transition-all h-heading style-1114 style-local-4902-c5 position-relative h-element\">\n                  <!---->\n                  <div class=\"h-heading__outer style-1114 style-local-4902-c5\">\n                    <!---->\n                    <!---->\n                    <h1 class=\"\">FORMATIONS PROFESSIONNELLES<\/h1>\n                  <\/div>\n                <\/div>\n              <\/div>\n            <\/div>\n          <\/div>\n        <\/div>\n      <\/div>\n    <\/div>\n  <\/div>\n  <div data-colibri-component=\"section\" data-colibri-id=\"4902-c6\" id=\"custom-2\" class=\"h-section h-section-global-spacing d-flex align-items-lg-center align-items-md-center align-items-center style-1115 style-local-4902-c6 position-relative\">\n    <!---->\n    <!---->\n    <div class=\"h-section-grid-container h-section-boxed-container\">\n      <!---->\n      <div data-colibri-id=\"4902-c7\" class=\"h-row-container gutters-row-lg-2 gutters-row-md-2 gutters-row-0 gutters-row-v-lg-2 gutters-row-v-md-2 gutters-row-v-2 style-1119 style-local-4902-c7 position-relative\">\n        <!---->\n        <div class=\"h-row justify-content-lg-center justify-content-md-center justify-content-center align-items-lg-stretch align-items-md-stretch align-items-stretch gutters-col-lg-2 gutters-col-md-2 gutters-col-0 gutters-col-v-lg-2 gutters-col-v-md-2 gutters-col-v-2\">\n          <!---->\n          <div class=\"h-column h-column-container d-flex h-col-lg-auto h-col-md-auto h-col-auto style-1120-outer style-local-4902-c8-outer\">\n            <div data-colibri-id=\"4902-c8\" class=\"d-flex h-flex-basis h-column__inner h-px-lg-2 h-px-md-2 h-px-2 v-inner-lg-2 v-inner-md-2 v-inner-2 style-1120 style-local-4902-c8 position-relative\">\n              <!---->\n              <!---->\n              <div class=\"w-100 h-y-container h-column__content h-column__v-align flex-basis-100 align-self-lg-start align-self-md-start align-self-start\">\n                <!---->\n                <div data-colibri-id=\"4902-c9\" class=\"icon-list d-flex justify-content-lg-center justify-content-md-center justify-content-center style-1118 style-local-4902-c9 position-relative h-element\">\n                  <!---->\n                  <ul class=\"ul-list-icon vertical-on-desktop vertical-on-tablet vertical-on-mobile justify-content-lg-center justify-content-md-center justify-content-center\">\n                    <!---->\n                    <li class=\"list-item no-gutters\">\n                      <!---->\n                      <div class=\"list-container-divider d-flex justify-content-lg-center justify-content-md-center justify-content-center first-el-spacer\"><\/div>\n                      <a href=\"http:\/\/www.cynoform.fr\/?page_id=4832\" h-use-smooth-scroll=\"true\" class=\"item-link no-gutters\">\n                        <div class=\"d-flex h-col no-gutters align-items-lg-center align-items-md-center align-items-center list-item-text-wrapper\">\n                          <div class=\"d-flex\"><span class=\"h-svg-icon style-1118-icon style-local-4902-c9-icon\"><!--Icon by Font Awesome (https:\/\/fontawesome.com)-->\n    <svg version=\"1.1\" xmlns=\"http:\/\/www.w3.org\/2000\/svg\" xmlns:xlink=\"http:\/\/www.w3.org\/1999\/xlink\" id=\"paw\" viewBox=\"0 0 1664 1896.0833\">\n      <path d=\"M780 472q0 60-19 113.5T698 678t-105 39q-76 0-138-57.5T363 524t-30-151q0-60 19-113.5t63-92.5 105-39q77 0 138.5 57.5t91.5 135T780 472zM438 955q0 80-42 139t-119 59q-76 0-141.5-55.5T35 964 0 812q0-80 42-139.5T161 613q76 0 141.5 55.5t100.5 134T438 955zm394-27q118 0 255 97.5t229 237 92 254.5q0 46-17 76.5t-48.5 45-64.5 20-76 5.5q-68 0-187.5-45T832 1574q-66 0-192.5 44.5T439 1663q-183 0-183-146 0-86 56-191.5T451.5 1133 639 987t193-59zm239-211q-61 0-105-39t-63-92.5T884 472q0-74 30-151.5t91.5-135T1144 128q61 0 105 39t63 92.5 19 113.5q0 73-30 151t-92 135.5-138 57.5zm432-104q77 0 119 59.5t42 139.5q0 74-35 152t-100.5 133.5T1387 1153q-77 0-119-59t-42-139q0-74 35-152.5t100.5-134T1503 613z\"><\/path>\n    <\/svg><\/span><\/div> <span class=\"list-text d-block\"><span>Formation initiale d\u2019Agent de S\u00e9curit\u00e9 et de Surveillance Humaine<\/span><\/span>\n                        <\/div>\n                      <\/a>\n                      <div class=\"list-container-divider d-flex justify-content-lg-center justify-content-md-center justify-content-center\">\n                        <!---->\n                      <\/div>\n                    <\/li>\n                    <li class=\"list-item no-gutters\">\n                      <!---->\n                      <!----><span class=\"item-link no-gutters\"><div class=\"d-flex h-col no-gutters align-items-lg-center align-items-md-center align-items-center list-item-text-wrapper\"><div class=\"d-flex\"><span  class=\"h-svg-icon style-1118-icon style-local-4902-c9-icon\"><!--Icon by Font Awesome (https:\/\/fontawesome.com)-->\n    <svg version=\"1.1\" xmlns=\"http:\/\/www.w3.org\/2000\/svg\" xmlns:xlink=\"http:\/\/www.w3.org\/1999\/xlink\" id=\"paw\" viewBox=\"0 0 1664 1896.0833\">\n      <path d=\"M780 472q0 60-19 113.5T698 678t-105 39q-76 0-138-57.5T363 524t-30-151q0-60 19-113.5t63-92.5 105-39q77 0 138.5 57.5t91.5 135T780 472zM438 955q0 80-42 139t-119 59q-76 0-141.5-55.5T35 964 0 812q0-80 42-139.5T161 613q76 0 141.5 55.5t100.5 134T438 955zm394-27q118 0 255 97.5t229 237 92 254.5q0 46-17 76.5t-48.5 45-64.5 20-76 5.5q-68 0-187.5-45T832 1574q-66 0-192.5 44.5T439 1663q-183 0-183-146 0-86 56-191.5T451.5 1133 639 987t193-59zm239-211q-61 0-105-39t-63-92.5T884 472q0-74 30-151.5t91.5-135T1144 128q61 0 105 39t63 92.5 19 113.5q0 73-30 151t-92 135.5-138 57.5zm432-104q77 0 119 59.5t42 139.5q0 74-35 152t-100.5 133.5T1387 1153q-77 0-119-59t-42-139q0-74 35-152.5t100.5-134T1503 613z\"><\/path>\n    <\/svg><\/span><\/div> <span class=\"list-text d-block\"><span>Formation continue des \u00e9quipes ARDE (aide \u00e0 la recherche et \u00e0 la d\u00e9tection explosifs) en centrale nucl\u00e9aire et CEA et autres.<\/span><\/span>\n              <\/div>\n              <\/span>\n              <div class=\"list-container-divider d-flex justify-content-lg-center justify-content-md-center justify-content-center\">\n                <!---->\n              <\/div>\n              <\/li>\n              <li class=\"list-item no-gutters\">\n                <!---->\n                <!---->\n                <a href=\"http:\/\/www.cynoform.fr\/?page_id=2\" h-use-smooth-scroll=\"true\" class=\"item-link no-gutters\">\n                  <div class=\"d-flex h-col no-gutters align-items-lg-center align-items-md-center align-items-center list-item-text-wrapper\">\n                    <div class=\"d-flex\"><span class=\"h-svg-icon style-1118-icon style-local-4902-c9-icon\"><!--Icon by Font Awesome (https:\/\/fontawesome.com)-->\n    <svg version=\"1.1\" xmlns=\"http:\/\/www.w3.org\/2000\/svg\" xmlns:xlink=\"http:\/\/www.w3.org\/1999\/xlink\" id=\"paw\" viewBox=\"0 0 1664 1896.0833\">\n      <path d=\"M780 472q0 60-19 113.5T698 678t-105 39q-76 0-138-57.5T363 524t-30-151q0-60 19-113.5t63-92.5 105-39q77 0 138.5 57.5t91.5 135T780 472zM438 955q0 80-42 139t-119 59q-76 0-141.5-55.5T35 964 0 812q0-80 42-139.5T161 613q76 0 141.5 55.5t100.5 134T438 955zm394-27q118 0 255 97.5t229 237 92 254.5q0 46-17 76.5t-48.5 45-64.5 20-76 5.5q-68 0-187.5-45T832 1574q-66 0-192.5 44.5T439 1663q-183 0-183-146 0-86 56-191.5T451.5 1133 639 987t193-59zm239-211q-61 0-105-39t-63-92.5T884 472q0-74 30-151.5t91.5-135T1144 128q61 0 105 39t63 92.5 19 113.5q0 73-30 151t-92 135.5-138 57.5zm432-104q77 0 119 59.5t42 139.5q0 74-35 152t-100.5 133.5T1387 1153q-77 0-119-59t-42-139q0-74 35-152.5t100.5-134T1503 613z\"><\/path>\n    <\/svg><\/span><\/div> <span class=\"list-text d-block\"><span>Formation initiale de ma\u00eetre de chien de s\u00e9curit\u00e9 (MCSP)<br><\/span><\/span>\n                  <\/div>\n                <\/a>\n                <div class=\"list-container-divider d-flex justify-content-lg-center justify-content-md-center justify-content-center\">\n                  <!---->\n                <\/div>\n              <\/li>\n              <li class=\"list-item no-gutters\">\n                <!---->\n                <!---->\n                <a href=\"http:\/\/www.cynoform.fr\/wp-content\/uploads\/2026\/02\/MAC-Cyno.pdf\" h-use-smooth-scroll=\"true\" class=\"item-link no-gutters\">\n                  <div class=\"d-flex h-col no-gutters align-items-lg-center align-items-md-center align-items-center list-item-text-wrapper\">\n                    <div class=\"d-flex\"><span class=\"h-svg-icon style-1118-icon style-local-4902-c9-icon\"><!--Icon by Font Awesome (https:\/\/fontawesome.com)-->\n    <svg version=\"1.1\" xmlns=\"http:\/\/www.w3.org\/2000\/svg\" xmlns:xlink=\"http:\/\/www.w3.org\/1999\/xlink\" id=\"paw\" viewBox=\"0 0 1664 1896.0833\">\n      <path d=\"M780 472q0 60-19 113.5T698 678t-105 39q-76 0-138-57.5T363 524t-30-151q0-60 19-113.5t63-92.5 105-39q77 0 138.5 57.5t91.5 135T780 472zM438 955q0 80-42 139t-119 59q-76 0-141.5-55.5T35 964 0 812q0-80 42-139.5T161 613q76 0 141.5 55.5t100.5 134T438 955zm394-27q118 0 255 97.5t229 237 92 254.5q0 46-17 76.5t-48.5 45-64.5 20-76 5.5q-68 0-187.5-45T832 1574q-66 0-192.5 44.5T439 1663q-183 0-183-146 0-86 56-191.5T451.5 1133 639 987t193-59zm239-211q-61 0-105-39t-63-92.5T884 472q0-74 30-151.5t91.5-135T1144 128q61 0 105 39t63 92.5 19 113.5q0 73-30 151t-92 135.5-138 57.5zm432-104q77 0 119 59.5t42 139.5q0 74-35 152t-100.5 133.5T1387 1153q-77 0-119-59t-42-139q0-74 35-152.5t100.5-134T1503 613z\"><\/path>\n    <\/svg><\/span><\/div> <span class=\"list-text d-block\"><span>Formation MAC Cyno<\/span><\/span>\n                  <\/div>\n                <\/a>\n                <div class=\"list-container-divider d-flex justify-content-lg-center justify-content-md-center justify-content-center\">\n                  <!---->\n                <\/div>\n              <\/li>\n              <li class=\"list-item no-gutters\">\n                <!---->\n                <!---->\n                <a href=\"http:\/\/www.cynoform.fr\/wp-content\/uploads\/2026\/02\/MAC-Ajout-de-chien.pdf\" h-use-smooth-scroll=\"true\" class=\"item-link no-gutters\">\n                  <div class=\"d-flex h-col no-gutters align-items-lg-center align-items-md-center align-items-center list-item-text-wrapper\">\n                    <div class=\"d-flex\"><span class=\"h-svg-icon style-1118-icon style-local-4902-c9-icon\"><!--Icon by Font Awesome (https:\/\/fontawesome.com)-->\n    <svg version=\"1.1\" xmlns=\"http:\/\/www.w3.org\/2000\/svg\" xmlns:xlink=\"http:\/\/www.w3.org\/1999\/xlink\" id=\"paw\" viewBox=\"0 0 1664 1896.0833\">\n      <path d=\"M780 472q0 60-19 113.5T698 678t-105 39q-76 0-138-57.5T363 524t-30-151q0-60 19-113.5t63-92.5 105-39q77 0 138.5 57.5t91.5 135T780 472zM438 955q0 80-42 139t-119 59q-76 0-141.5-55.5T35 964 0 812q0-80 42-139.5T161 613q76 0 141.5 55.5t100.5 134T438 955zm394-27q118 0 255 97.5t229 237 92 254.5q0 46-17 76.5t-48.5 45-64.5 20-76 5.5q-68 0-187.5-45T832 1574q-66 0-192.5 44.5T439 1663q-183 0-183-146 0-86 56-191.5T451.5 1133 639 987t193-59zm239-211q-61 0-105-39t-63-92.5T884 472q0-74 30-151.5t91.5-135T1144 128q61 0 105 39t63 92.5 19 113.5q0 73-30 151t-92 135.5-138 57.5zm432-104q77 0 119 59.5t42 139.5q0 74-35 152t-100.5 133.5T1387 1153q-77 0-119-59t-42-139q0-74 35-152.5t100.5-134T1503 613z\"><\/path>\n    <\/svg><\/span><\/div> <span class=\"list-text d-block\"><span>Ajout de chien<\/span><\/span>\n                  <\/div>\n                <\/a>\n                <div class=\"list-container-divider d-flex justify-content-lg-center justify-content-md-center justify-content-center\">\n                  <!---->\n                <\/div>\n              <\/li>\n              <li class=\"list-item no-gutters\">\n                <!---->\n                <!---->\n                <a href=\"http:\/\/www.cynoform.fr\/wp-content\/uploads\/2026\/02\/21h.pdf\" h-use-smooth-scroll=\"true\" class=\"item-link no-gutters\">\n                  <div class=\"d-flex h-col no-gutters align-items-lg-center align-items-md-center align-items-center list-item-text-wrapper\">\n                    <div class=\"d-flex\"><span class=\"h-svg-icon style-1118-icon style-local-4902-c9-icon\"><!--Icon by Font Awesome (https:\/\/fontawesome.com)-->\n    <svg version=\"1.1\" xmlns=\"http:\/\/www.w3.org\/2000\/svg\" xmlns:xlink=\"http:\/\/www.w3.org\/1999\/xlink\" id=\"paw\" viewBox=\"0 0 1664 1896.0833\">\n      <path d=\"M780 472q0 60-19 113.5T698 678t-105 39q-76 0-138-57.5T363 524t-30-151q0-60 19-113.5t63-92.5 105-39q77 0 138.5 57.5t91.5 135T780 472zM438 955q0 80-42 139t-119 59q-76 0-141.5-55.5T35 964 0 812q0-80 42-139.5T161 613q76 0 141.5 55.5t100.5 134T438 955zm394-27q118 0 255 97.5t229 237 92 254.5q0 46-17 76.5t-48.5 45-64.5 20-76 5.5q-68 0-187.5-45T832 1574q-66 0-192.5 44.5T439 1663q-183 0-183-146 0-86 56-191.5T451.5 1133 639 987t193-59zm239-211q-61 0-105-39t-63-92.5T884 472q0-74 30-151.5t91.5-135T1144 128q61 0 105 39t63 92.5 19 113.5q0 73-30 151t-92 135.5-138 57.5zm432-104q77 0 119 59.5t42 139.5q0 74-35 152t-100.5 133.5T1387 1153q-77 0-119-59t-42-139q0-74 35-152.5t100.5-134T1503 613z\"><\/path>\n    <\/svg><\/span><\/div> <span class=\"list-text d-block\"><span>Formation continue (les 21h\/an) pour les ma\u00eetres de chiens de s\u00e9curit\u00e9<\/span><\/span>\n                  <\/div>\n                <\/a>\n                <div class=\"list-container-divider d-flex justify-content-lg-center justify-content-md-center justify-content-center\">\n                  <!---->\n                <\/div>\n              <\/li>\n              <li class=\"list-item no-gutters\">\n                <!---->\n                <!---->\n                <a href=\"http:\/\/www.cynoform.fr\/wp-content\/uploads\/2026\/02\/MAC-APS.pdf\" h-use-smooth-scroll=\"true\" class=\"item-link no-gutters\">\n                  <div class=\"d-flex h-col no-gutters align-items-lg-center align-items-md-center align-items-center list-item-text-wrapper\">\n                    <div class=\"d-flex\"><span class=\"h-svg-icon style-1118-icon style-local-4902-c9-icon\"><!--Icon by Font Awesome (https:\/\/fontawesome.com)-->\n    <svg version=\"1.1\" xmlns=\"http:\/\/www.w3.org\/2000\/svg\" xmlns:xlink=\"http:\/\/www.w3.org\/1999\/xlink\" id=\"paw\" viewBox=\"0 0 1664 1896.0833\">\n      <path d=\"M780 472q0 60-19 113.5T698 678t-105 39q-76 0-138-57.5T363 524t-30-151q0-60 19-113.5t63-92.5 105-39q77 0 138.5 57.5t91.5 135T780 472zM438 955q0 80-42 139t-119 59q-76 0-141.5-55.5T35 964 0 812q0-80 42-139.5T161 613q76 0 141.5 55.5t100.5 134T438 955zm394-27q118 0 255 97.5t229 237 92 254.5q0 46-17 76.5t-48.5 45-64.5 20-76 5.5q-68 0-187.5-45T832 1574q-66 0-192.5 44.5T439 1663q-183 0-183-146 0-86 56-191.5T451.5 1133 639 987t193-59zm239-211q-61 0-105-39t-63-92.5T884 472q0-74 30-151.5t91.5-135T1144 128q61 0 105 39t63 92.5 19 113.5q0 73-30 151t-92 135.5-138 57.5zm432-104q77 0 119 59.5t42 139.5q0 74-35 152t-100.5 133.5T1387 1153q-77 0-119-59t-42-139q0-74 35-152.5t100.5-134T1503 613z\"><\/path>\n    <\/svg><\/span><\/div> <span class=\"list-text d-block\"><span>Formation MAC APS<\/span><\/span>\n                  <\/div>\n                <\/a>\n                <div class=\"list-container-divider d-flex justify-content-lg-center justify-content-md-center justify-content-center\" style=\"display: none;\">\n                  <!---->\n                <\/div>\n                <div class=\"list-container-divider d-flex justify-content-lg-center justify-content-md-center justify-content-center last-el-spacer\"><\/div>\n              <\/li>\n              <\/ul>\n            <\/div>\n          <\/div>\n        <\/div>\n      <\/div>\n    <\/div>\n  <\/div>\n  <div data-colibri-id=\"4902-c10\" class=\"h-row-container gutters-row-lg-2 gutters-row-md-2 gutters-row-0 gutters-row-v-lg-2 gutters-row-v-md-2 gutters-row-v-2 style-1116 style-local-4902-c10 position-relative\">\n    <!---->\n    <div class=\"h-row justify-content-lg-center justify-content-md-center justify-content-center align-items-lg-stretch align-items-md-stretch align-items-stretch gutters-col-lg-2 gutters-col-md-2 gutters-col-0 gutters-col-v-lg-2 gutters-col-v-md-2 gutters-col-v-2\">\n      <!---->\n      <div class=\"h-column h-column-container d-flex h-col-lg-auto h-col-md-auto h-col-auto style-1117-outer style-local-4902-c11-outer\">\n        <div data-colibri-id=\"4902-c11\" class=\"d-flex h-flex-basis h-column__inner h-ui-empty-state-container h-px-lg-2 h-px-md-2 h-px-2 v-inner-lg-2 v-inner-md-2 v-inner-2 style-1117 style-local-4902-c11 position-relative\">\n          <!---->\n          <!---->\n          <div class=\"w-100 h-y-container h-column__content h-column__v-align flex-basis-100\">\n            <!---->\n          <\/div>\n        <\/div>\n      <\/div>\n    <\/div>\n  <\/div>\n<\/div>\n<\/div>\n<\/div>","protected":false},"excerpt":{"rendered":"<p>FORMATIONS PROFESSIONNELLES Formation initiale d\u2019Agent de S\u00e9curit\u00e9 et de Surveillance Humaine Formation continue des \u00e9quipes ARDE (aide \u00e0 la recherche et \u00e0 la d\u00e9tection explosifs) en centrale nucl\u00e9aire et CEA et autres. Formation initiale de ma\u00eetre de chien de s\u00e9curit\u00e9 (MCSP) Formation MAC Cyno Ajout de chien Formation continue (les 21h\/an) pour les ma\u00eetres de [&hellip;]<\/p>\n","protected":false},"author":1,"featured_media":0,"parent":0,"menu_order":0,"comment_status":"closed","ping_status":"closed","template":"page-templates\/full-width-page.php","meta":{"_crdt_document":"","ngg_post_thumbnail":0,"footnotes":""},"class_list":["post-4902","page","type-page","status-publish","hentry"],"_links":{"self":[{"href":"http:\/\/www.cynoform.fr\/index.php?rest_route=\/wp\/v2\/pages\/4902","targetHints":{"allow":["GET"]}}],"collection":[{"href":"http:\/\/www.cynoform.fr\/index.php?rest_route=\/wp\/v2\/pages"}],"about":[{"href":"http:\/\/www.cynoform.fr\/index.php?rest_route=\/wp\/v2\/types\/page"}],"author":[{"embeddable":true,"href":"http:\/\/www.cynoform.fr\/index.php?rest_route=\/wp\/v2\/users\/1"}],"replies":[{"embeddable":true,"href":"http:\/\/www.cynoform.fr\/index.php?rest_route=%2Fwp%2Fv2%2Fcomments&post=4902"}],"version-history":[{"count":13,"href":"http:\/\/www.cynoform.fr\/index.php?rest_route=\/wp\/v2\/pages\/4902\/revisions"}],"predecessor-version":[{"id":5143,"href":"http:\/\/www.cynoform.fr\/index.php?rest_route=\/wp\/v2\/pages\/4902\/revisions\/5143"}],"wp:attachment":[{"href":"http:\/\/www.cynoform.fr\/index.php?rest_route=%2Fwp%2Fv2%2Fmedia&parent=4902"}],"curies":[{"name":"wp","href":"https:\/\/api.w.org\/{rel}","templated":true}]}}